{"id":149,"date":"2012-09-30T23:55:48","date_gmt":"2012-09-30T23:55:48","guid":{"rendered":"http:\/\/www.sevillasemueve.org\/nocheenblanco\/?page_id=149"},"modified":"2012-10-28T21:58:41","modified_gmt":"2012-10-28T21:58:41","slug":"guit-fest-sevilla","status":"publish","type":"page","link":"https:\/\/nocheenblanco.org\/2012\/guit-fest-sevilla\/","title":{"rendered":"Guit Fest Sevilla"},"content":{"rendered":"<p><!--:en--><\/p>\n<h2>III Guitar Festival of Seville<\/h2>\n<div style=\"float: right;\"><a href=\"http:\/\/www.guitartfestivalsevilla.com\/\" target=\"_blank\"><img decoding=\"async\" loading=\"lazy\" class=\"alignnone  wp-image-510\" style=\"margin: 5px;\" title=\"logo_definitivo_marca_2_300ppp copy (2)\" src=\"https:\/\/nocheenblanco.org\/2012\/wp-content\/uploads\/2012\/09\/logo_definitivo_marca_2_300ppp-copy-2-300x300.jpg\" alt=\"\" width=\"210\" height=\"210\" srcset=\"https:\/\/nocheenblanco.org\/2012\/wp-content\/uploads\/2012\/09\/logo_definitivo_marca_2_300ppp-copy-2-300x300.jpg 300w, https:\/\/nocheenblanco.org\/2012\/wp-content\/uploads\/2012\/09\/logo_definitivo_marca_2_300ppp-copy-2-150x150.jpg 150w, https:\/\/nocheenblanco.org\/2012\/wp-content\/uploads\/2012\/09\/logo_definitivo_marca_2_300ppp-copy-2-1024x1024.jpg 1024w\" sizes=\"(max-width: 210px) 100vw, 210px\" \/><\/a><\/div>\n<p><\/br><\/br><\/br><\/br><\/p>\n<div><strong>Address:<\/strong> Sala Joaqu\u00edn Turina (Cajasol Cultural Centre). Lara\u00f1a Street 4<br \/>\n<strong>Schedule:<\/strong> 21:00<br \/>\n<strong>Prior reservation:<\/strong> No<br \/>\n<strong>Price:<\/strong> 3\u20ac<\/div>\n<p><\/br><\/br><\/br><\/p>\n<p style=\"text-align: justify;\"><strong>Special Noche en Blanco: <\/strong>In the Noche en Blanco in Seville, on 26th October, during the final of the contest we will GIVE A GUITAR among the ATTENDING PUBLIC.<br \/>\nInitiative by the extraordinary guitar player Francisco Bernier, who with his vision of the importance of the guitar, not only in Spain but also all over the world, has designed a exemplary project. This project will suppose a great support for the interpreters and a wonderful vehicle for the spreading of the Spanish composers work.<br \/>\nThis festival will undoubtly become a model in the panorama of national and international Festivals, with invited artists and personalities such as Garc\u00eda Abril (Spain, National Music Award), Jos\u00e9 Mar\u00eda S\u00e1nchez Verd\u00fa (Spain, National Music Award), John Griffiths (Australia), Zoran Dukic (Croatia), Paolo Pegoraro (Italy), Judica\u00ebl Perroy (France), Michel Grizard (France), Francisco<br \/>\nBernier (Spain), Javier Somoza (Spain), Jeffrey Mcfadden (Canada) and Sanja Plohl (Slovenia).<br \/>\nDuring the festival will be held concerts, workshops, conferences, a formativ programm and the Third Seville International Guitar Contest.<br \/>\nThe first two editions of this musical bid had a great worldwide welcome among the young guitar up-and-coming talents, having participants of up to twenty-five nationalities.<\/p>\n<p>Contact:<\/p>\n<p><a href=\"https:\/\/www.facebook.com\/GuitfestSevilla\" target=\"_blank\"><img decoding=\"async\" loading=\"lazy\" class=\"alignnone\" src=\"http:\/\/sevillasemueve.org\/nocheenblanco\/wp-content\/plugins\/ultimate-follow-me\/style1\/facebook.png\" alt=\"Facebook\" width=\"32\" height=\"32\" \/><\/a><a href=\"https:\/\/twitter.com\/INTGUITARTSEV\" target=\"_blank\"><img decoding=\"async\" loading=\"lazy\" class=\"alignnone\" src=\"http:\/\/sevillasemueve.org\/nocheenblanco\/wp-content\/plugins\/ultimate-follow-me\/style1\/twitter.png\" alt=\"Twitter\" width=\"32\" height=\"32\" \/><\/a><a href=\"mailto:info@guitartfestivalsevilla.com \" target=\"_blank\"><img decoding=\"async\" loading=\"lazy\" class=\"alignnone\" src=\"http:\/\/sevillasemueve.org\/nocheenblanco\/wp-content\/plugins\/ultimate-follow-me\/style1\/email.png\" alt=\"e-mail\" width=\"32\" height=\"32\" \/> <\/a><!--:--><!--:es--><\/p>\n<h2>III Festival de la Guitarra de Sevilla<\/h2>\n<div style=\"float: right;\"><a href=\"http:\/\/www.guitartfestivalsevilla.com\/\" target=\"_blank\"><img decoding=\"async\" loading=\"lazy\" class=\"alignnone  wp-image-510\" style=\"margin: 5px;\" title=\"logo_definitivo_marca_2_300ppp copy (2)\" src=\"https:\/\/nocheenblanco.org\/2012\/wp-content\/uploads\/2012\/09\/logo_definitivo_marca_2_300ppp-copy-2-300x300.jpg\" alt=\"\" width=\"210\" height=\"210\" srcset=\"https:\/\/nocheenblanco.org\/2012\/wp-content\/uploads\/2012\/09\/logo_definitivo_marca_2_300ppp-copy-2-300x300.jpg 300w, https:\/\/nocheenblanco.org\/2012\/wp-content\/uploads\/2012\/09\/logo_definitivo_marca_2_300ppp-copy-2-150x150.jpg 150w, https:\/\/nocheenblanco.org\/2012\/wp-content\/uploads\/2012\/09\/logo_definitivo_marca_2_300ppp-copy-2-1024x1024.jpg 1024w\" sizes=\"(max-width: 210px) 100vw, 210px\" \/><\/a><\/div>\n<p><\/br><\/br><\/br><\/br><\/p>\n<div><strong>Direcci\u00f3n:<\/strong> Sala Joaqu\u00edn Turina (Centro Cultural Cajasol). Calle Lara\u00f1a 4<br \/>\n<strong>Horario:<\/strong> 21:00<br \/>\n<strong>Reserva previa:<\/strong> No<br \/>\n<strong>Precio:<\/strong> 3\u20ac<\/div>\n<p><\/br><\/br><\/br><\/p>\n<p style=\"text-align: justify;\"><strong>Especial Noche en Blanco:<\/strong> En la Noche en Blanco de Sevilla, 26 de Octubre, durante la Final del Concurso REGALAMOS UNA GUITARRA entre el P\u00daBLICO ASISTENTE<\/p>\n<p style=\"text-align: justify;\">Iniciativa del extraordinario guitarrista Francisco Bernier, que, con su visi\u00f3n de la importancia que tiene la guitarra, no s\u00f3lo en Espa\u00f1a sino en todo el mundo, ha dise\u00f1ado un proyecto ejemplar que supondr\u00e1 un gran apoyo para los int\u00e9rpretes y un magn\u00edfico veh\u00edculo para la difusi\u00f3n de la obra de los compositores espa\u00f1oles.<\/p>\n<p style=\"text-align: justify;\">Este festival se convertir\u00e1, sin duda, en un referente dentro del panorama de Festivales nacionales e internacionales con artistas y personalidades invitadas como Garc\u00eda Abril (Espa\u00f1a, Premio Nacional de M\u00fasica), Jos\u00e9 Mar\u00eda S\u00e1nchez Verd\u00fa (Espa\u00f1a, Premio Nacional de M\u00fasica), John Griffiths (Australia), Zoran Dukic (Croacia), Paolo Pegoraro (Italia), Judica\u00ebl Perroy (Francia), Michel Grizard (Francia), Francisco<br \/>\nBernier (Espa\u00f1a), Javier Somoza (Espa\u00f1a), Jeffrey Mcfadden (Canad\u00e1) y Sanja Plohl (Eslovenia).<\/p>\n<p style=\"text-align: justify;\">Durante el festival se desarrollar\u00e1n conciertos, conferencias, talleres, un programa formativo y el III Concurso Internacional de Guitarra de Sevilla.<\/p>\n<p style=\"text-align: justify;\">Las primeras dos ediciones de esta apuesta musical ya tuvieron una gran acogida entre las j\u00f3venes promesas guitarr\u00edsticas a nivel mundial, contando con participantes de hasta veinticinco nacionalidades.<\/p>\n<p>Contacto:<\/p>\n<p><a href=\"https:\/\/www.facebook.com\/GuitfestSevilla\" target=\"_blank\"><img decoding=\"async\" loading=\"lazy\" class=\"alignnone\" src=\"http:\/\/sevillasemueve.org\/nocheenblanco\/wp-content\/plugins\/ultimate-follow-me\/style1\/facebook.png\" alt=\"Facebook\" width=\"32\" height=\"32\" \/><\/a><a href=\"https:\/\/twitter.com\/INTGUITARTSEV\" target=\"_blank\"><img decoding=\"async\" loading=\"lazy\" class=\"alignnone\" src=\"http:\/\/sevillasemueve.org\/nocheenblanco\/wp-content\/plugins\/ultimate-follow-me\/style1\/twitter.png\" alt=\"Twitter\" width=\"32\" height=\"32\" \/><\/a><a href=\"mailto:info@guitartfestivalsevilla.com \" target=\"_blank\"><img decoding=\"async\" loading=\"lazy\" class=\"alignnone\" src=\"http:\/\/sevillasemueve.org\/nocheenblanco\/wp-content\/plugins\/ultimate-follow-me\/style1\/email.png\" alt=\"e-mail\" width=\"32\" height=\"32\" \/> <\/a><!--:--><\/p>\n","protected":false},"excerpt":{"rendered":"<p>III Guitar Festival of Seville Address: Sala Joaqu\u00edn Turina (Cajasol Cultural Centre). Lara\u00f1a Street 4 Schedule: 21:00 Prior reservation: No Price: 3\u20ac Special Noche en Blanco: In the Noche en Blanco in Seville, on 26th October, during the final of[&hellip;] <a class=\"more-link\" href=\"https:\/\/nocheenblanco.org\/2012\/guit-fest-sevilla\/\">&darr; Read the rest of this entry&#8230;<\/a><\/p>\n","protected":false},"author":1,"featured_media":0,"parent":0,"menu_order":0,"comment_status":"closed","ping_status":"closed","template":"","meta":{"_mi_skip_tracking":false},"_links":{"self":[{"href":"https:\/\/nocheenblanco.org\/2012\/wp-json\/wp\/v2\/pages\/149"}],"collection":[{"href":"https:\/\/nocheenblanco.org\/2012\/wp-json\/wp\/v2\/pages"}],"about":[{"href":"https:\/\/nocheenblanco.org\/2012\/wp-json\/wp\/v2\/types\/page"}],"author":[{"embeddable":true,"href":"https:\/\/nocheenblanco.org\/2012\/wp-json\/wp\/v2\/users\/1"}],"replies":[{"embeddable":true,"href":"https:\/\/nocheenblanco.org\/2012\/wp-json\/wp\/v2\/comments?post=149"}],"version-history":[{"count":10,"href":"https:\/\/nocheenblanco.org\/2012\/wp-json\/wp\/v2\/pages\/149\/revisions"}],"predecessor-version":[{"id":883,"href":"https:\/\/nocheenblanco.org\/2012\/wp-json\/wp\/v2\/pages\/149\/revisions\/883"}],"wp:attachment":[{"href":"https:\/\/nocheenblanco.org\/2012\/wp-json\/wp\/v2\/media?parent=149"}],"curies":[{"name":"wp","href":"https:\/\/api.w.org\/{rel}","templated":true}]}}

<p><!--:en--></p>
<h2>III Guitar Festival of Seville</h2>
<div style="float: right;"><a href="http://www.guitartfestivalsevilla.com/" target="_blank"><img decoding="async" loading="lazy" class="alignnone  wp-image-510" style="margin: 5px;" title="logo_definitivo_marca_2_300ppp copy (2)" src="https://nocheenblanco.org/2012/wp-content/uploads/2012/09/logo_definitivo_marca_2_300ppp-copy-2-300x300.jpg" alt="" width="210" height="210" srcset="https://nocheenblanco.org/2012/wp-content/uploads/2012/09/logo_definitivo_marca_2_300ppp-copy-2-300x300.jpg 300w, https://nocheenblanco.org/2012/wp-content/uploads/2012/09/logo_definitivo_marca_2_300ppp-copy-2-150x150.jpg 150w, https://nocheenblanco.org/2012/wp-content/uploads/2012/09/logo_definitivo_marca_2_300ppp-copy-2-1024x1024.jpg 1024w" sizes="(max-width: 210px) 100vw, 210px" /></a></div>
<p></br></br></br></br></p>
<div><strong>Address:</strong> Sala Joaquín Turina (Cajasol Cultural Centre). Laraña Street 4<br />
<strong>Schedule:</strong> 21:00<br />
<strong>Prior reservation:</strong> No<br />
<strong>Price:</strong> 3€</div>
<p></br></br></br></p>
<p style="text-align: justify;"><strong>Special Noche en Blanco: </strong>In the Noche en Blanco in Seville, on 26th October, during the final of the contest we will GIVE A GUITAR among the ATTENDING PUBLIC.<br />
Initiative by the extraordinary guitar player Francisco Bernier, who with his vision of the importance of the guitar, not only in Spain but also all over the world, has designed a exemplary project. This project will suppose a great support for the interpreters and a wonderful vehicle for the spreading of the Spanish composers work.<br />
This festival will undoubtly become a model in the panorama of national and international Festivals, with invited artists and personalities such as García Abril (Spain, National Music Award), José María Sánchez Verdú (Spain, National Music Award), John Griffiths (Australia), Zoran Dukic (Croatia), Paolo Pegoraro (Italy), Judicaël Perroy (France), Michel Grizard (France), Francisco<br />
Bernier (Spain), Javier Somoza (Spain), Jeffrey Mcfadden (Canada) and Sanja Plohl (Slovenia).<br />
During the festival will be held concerts, workshops, conferences, a formativ programm and the Third Seville International Guitar Contest.<br />
The first two editions of this musical bid had a great worldwide welcome among the young guitar up-and-coming talents, having participants of up to twenty-five nationalities.</p>
<p>Contact:</p>
<p><a href="https://www.facebook.com/GuitfestSevilla" target="_blank"><img decoding="async" loading="lazy" class="alignnone" src="http://sevillasemueve.org/nocheenblanco/wp-content/plugins/ultimate-follow-me/style1/facebook.png" alt="Facebook" width="32" height="32" /></a><a href="https://twitter.com/INTGUITARTSEV" target="_blank"><img decoding="async" loading="lazy" class="alignnone" src="http://sevillasemueve.org/nocheenblanco/wp-content/plugins/ultimate-follow-me/style1/twitter.png" alt="Twitter" width="32" height="32" /></a><a href="mailto:info@guitartfestivalsevilla.com " target="_blank"><img decoding="async" loading="lazy" class="alignnone" src="http://sevillasemueve.org/nocheenblanco/wp-content/plugins/ultimate-follow-me/style1/email.png" alt="e-mail" width="32" height="32" /> </a><!--:--><!--:es--></p>
<h2>III Festival de la Guitarra de Sevilla</h2>
<div style="float: right;"><a href="http://www.guitartfestivalsevilla.com/" target="_blank"><img decoding="async" loading="lazy" class="alignnone  wp-image-510" style="margin: 5px;" title="logo_definitivo_marca_2_300ppp copy (2)" src="https://nocheenblanco.org/2012/wp-content/uploads/2012/09/logo_definitivo_marca_2_300ppp-copy-2-300x300.jpg" alt="" width="210" height="210" srcset="https://nocheenblanco.org/2012/wp-content/uploads/2012/09/logo_definitivo_marca_2_300ppp-copy-2-300x300.jpg 300w, https://nocheenblanco.org/2012/wp-content/uploads/2012/09/logo_definitivo_marca_2_300ppp-copy-2-150x150.jpg 150w, https://nocheenblanco.org/2012/wp-content/uploads/2012/09/logo_definitivo_marca_2_300ppp-copy-2-1024x1024.jpg 1024w" sizes="(max-width: 210px) 100vw, 210px" /></a></div>
<p></br></br></br></br></p>
<div><strong>Dirección:</strong> Sala Joaquín Turina (Centro Cultural Cajasol). Calle Laraña 4<br />
<strong>Horario:</strong> 21:00<br />
<strong>Reserva previa:</strong> No<br />
<strong>Precio:</strong> 3€</div>
<p></br></br></br></p>
<p style="text-align: justify;"><strong>Especial Noche en Blanco:</strong> En la Noche en Blanco de Sevilla, 26 de Octubre, durante la Final del Concurso REGALAMOS UNA GUITARRA entre el PÚBLICO ASISTENTE</p>
<p style="text-align: justify;">Iniciativa del extraordinario guitarrista Francisco Bernier, que, con su visión de la importancia que tiene la guitarra, no sólo en España sino en todo el mundo, ha diseñado un proyecto ejemplar que supondrá un gran apoyo para los intérpretes y un magnífico vehículo para la difusión de la obra de los compositores españoles.</p>
<p style="text-align: justify;">Este festival se convertirá, sin duda, en un referente dentro del panorama de Festivales nacionales e internacionales con artistas y personalidades invitadas como García Abril (España, Premio Nacional de Música), José María Sánchez Verdú (España, Premio Nacional de Música), John Griffiths (Australia), Zoran Dukic (Croacia), Paolo Pegoraro (Italia), Judicaël Perroy (Francia), Michel Grizard (Francia), Francisco<br />
Bernier (España), Javier Somoza (España), Jeffrey Mcfadden (Canadá) y Sanja Plohl (Eslovenia).</p>
<p style="text-align: justify;">Durante el festival se desarrollarán conciertos, conferencias, talleres, un programa formativo y el III Concurso Internacional de Guitarra de Sevilla.</p>
<p style="text-align: justify;">Las primeras dos ediciones de esta apuesta musical ya tuvieron una gran acogida entre las jóvenes promesas guitarrísticas a nivel mundial, contando con participantes de hasta veinticinco nacionalidades.</p>
<p>Contacto:</p>
<p><a href="https://www.facebook.com/GuitfestSevilla" target="_blank"><img decoding="async" loading="lazy" class="alignnone" src="http://sevillasemueve.org/nocheenblanco/wp-content/plugins/ultimate-follow-me/style1/facebook.png" alt="Facebook" width="32" height="32" /></a><a href="https://twitter.com/INTGUITARTSEV" target="_blank"><img decoding="async" loading="lazy" class="alignnone" src="http://sevillasemueve.org/nocheenblanco/wp-content/plugins/ultimate-follow-me/style1/twitter.png" alt="Twitter" width="32" height="32" /></a><a href="mailto:info@guitartfestivalsevilla.com " target="_blank"><img decoding="async" loading="lazy" class="alignnone" src="http://sevillasemueve.org/nocheenblanco/wp-content/plugins/ultimate-follow-me/style1/email.png" alt="e-mail" width="32" height="32" /> </a><!--:--></p>

<p>III Guitar Festival of Seville Address: Sala Joaquín Turina (Cajasol Cultural Centre). Laraña Street 4 Schedule: 21:00 Prior reservation: No Price: 3€ Special Noche en Blanco: In the Noche en Blanco in Seville, on 26th October, during the final of[&hellip;] <a class="more-link" href="https://nocheenblanco.org/2012/guit-fest-sevilla/">&darr; Read the rest of this entry&#8230;</a></p>
