{"id":165,"date":"2012-10-01T00:15:57","date_gmt":"2012-10-01T00:15:57","guid":{"rendered":"http:\/\/www.sevillasemueve.org\/nocheenblanco\/?page_id=165"},"modified":"2012-10-28T23:59:16","modified_gmt":"2012-10-28T23:59:16","slug":"teatro-a-pelo","status":"publish","type":"page","link":"https:\/\/nocheenblanco.org\/2012\/teatro-a-pelo\/","title":{"rendered":"Teatro A Pelo"},"content":{"rendered":"<p><!--:en--><\/p>\n<div style=\"float: right;\"><a href=\"http:\/\/www.facebook.com\/teatro.apelo\" target=\"_blank\"><img decoding=\"async\" loading=\"lazy\" class=\"alignnone size-thumbnail wp-image-561\" style=\"margin: 5px;\" title=\"tap foto perfil\" src=\"https:\/\/nocheenblanco.org\/2012\/wp-content\/uploads\/2012\/10\/tap-foto-perfil1-150x150.jpg\" alt=\"\" width=\"150\" height=\"150\" srcset=\"https:\/\/nocheenblanco.org\/2012\/wp-content\/uploads\/2012\/10\/tap-foto-perfil1-150x150.jpg 150w, https:\/\/nocheenblanco.org\/2012\/wp-content\/uploads\/2012\/10\/tap-foto-perfil1-300x300.jpg 300w, https:\/\/nocheenblanco.org\/2012\/wp-content\/uploads\/2012\/10\/tap-foto-perfil1-1024x1024.jpg 1024w, https:\/\/nocheenblanco.org\/2012\/wp-content\/uploads\/2012\/10\/tap-foto-perfil1.jpg 1181w\" sizes=\"(max-width: 150px) 100vw, 150px\" \/><\/a><\/div>\n<p><\/br><\/br><\/p>\n<div><strong>Address:<\/strong> Cr\u00e9dito Street 20<br \/>\n<strong>Schedule:<\/strong> shows from 21:30 on<br \/>\n<strong>Prior reservation:<\/strong> <a href=\"mailto:teatroapelo@gmail.com\">teatroapelo@gmail.com<\/a>,<br \/>\n<strong>Price:<\/strong> 10\u20ac for two chapter<\/div>\n<p><\/br><\/br><\/p>\n<p style=\"text-align: justify;\">In Teatro a Pelo a building fills in with small stories. Short stories, only fifteen minutes duration, happen in different rooms at the same time. The audience move from a space to another. They discover that the scenes are linked between them and are also part of a bigger story. Order doesn&#8217;t mind, but every new experience completes the former ones and increases the interest. In this way we keep discovering the relationship between the characters and their story, developing  in time, considering that every group of pieces is a chapter of a theatre series. <\/p>\n<p style=\"text-align: justify;\">These stories happen next to us, in natural spaces that we share with actors devoid of any instrument, interpreting in a natural way. The relationship with the characters is short but intense, close and private, a shared experience with a short audience filling the room.\n<\/p>\n<p style=\"text-align: justify;\">Contact:<\/p>\n<p><a href=\"https:\/\/www.facebook.com\/teatro.apelo\" target=\"_blank\"><img decoding=\"async\" loading=\"lazy\" class=\"alignnone\" src=\"http:\/\/sevillasemueve.org\/nocheenblanco\/wp-content\/plugins\/ultimate-follow-me\/style1\/facebook.png\" alt=\"Facebook\" width=\"32\" height=\"32\" \/><\/a><a href=\"https:\/\/twitter.com\/Teatroapelo\" target=\"_blank\"><img decoding=\"async\" loading=\"lazy\" class=\"alignnone\" src=\"http:\/\/sevillasemueve.org\/nocheenblanco\/wp-content\/plugins\/ultimate-follow-me\/style1\/twitter.png\" alt=\"Twitter\" width=\"32\" height=\"32\" \/><\/a><a href=\"mailto:teatroapelo@gmail.com\" target=\"_blank\"><img decoding=\"async\" loading=\"lazy\" class=\"alignnone\" src=\"http:\/\/sevillasemueve.org\/nocheenblanco\/wp-content\/plugins\/ultimate-follow-me\/style1\/email.png\" alt=\"e-mail\" width=\"32\" height=\"32\" \/><\/a><!--:--><!--:es--><\/p>\n<div style=\"float: right;\"><a href=\"http:\/\/www.facebook.com\/teatro.apelo\" target=\"_blank\"><img decoding=\"async\" loading=\"lazy\" class=\"alignnone size-thumbnail wp-image-561\" style=\"margin: 5px;\" title=\"tap foto perfil\" src=\"https:\/\/nocheenblanco.org\/2012\/wp-content\/uploads\/2012\/10\/tap-foto-perfil1-150x150.jpg\" alt=\"\" width=\"150\" height=\"150\" srcset=\"https:\/\/nocheenblanco.org\/2012\/wp-content\/uploads\/2012\/10\/tap-foto-perfil1-150x150.jpg 150w, https:\/\/nocheenblanco.org\/2012\/wp-content\/uploads\/2012\/10\/tap-foto-perfil1-300x300.jpg 300w, https:\/\/nocheenblanco.org\/2012\/wp-content\/uploads\/2012\/10\/tap-foto-perfil1-1024x1024.jpg 1024w, https:\/\/nocheenblanco.org\/2012\/wp-content\/uploads\/2012\/10\/tap-foto-perfil1.jpg 1181w\" sizes=\"(max-width: 150px) 100vw, 150px\" \/><\/a><\/div>\n<p><\/br><\/br><\/p>\n<div><strong>Direcci\u00f3n:<\/strong> C\/ Cr\u00e9dito 20<br \/>\n<strong>Horario:<\/strong> pases a partir de las 21:30<br \/>\n<strong>Reserva previa:<\/strong> <a href=\"mailto:teatroapelo@gmail.com\">teatroapelo@gmail.com<\/a>,<br \/>\n<strong>Precio:<\/strong> 10\u20ac dos cap\u00edtulos<\/div>\n<p><\/br><\/br><\/p>\n<p style=\"text-align: justify;\">En Teatro a pelo un edificio se llena de peque\u00f1as historias. Historias cortas, de apenas quince minutos, ocurren en diferentes estancias al mismo tiempo. El asistente se desplaza de un espacio a otro y descubre que las escenas est\u00e1n relacionadas entre s\u00ed y forman parte de una historia mayor. No importa el orden, sino que cada nueva experiencia completa a las anteriores y aumenta el inter\u00e9s. As\u00ed vamos descubriendo las relaciones entre los personajes y su historia, que se desarrollar\u00e1 con el tiempo, porque cada conjunto de piezas es un cap\u00edtulo de una serie de teatro.<\/p>\n<p style=\"text-align: justify;\">Estas historias ocurren junto a nosotros, en espacios naturales que compartimos con unos actores que interpretan de forma natural, desprovistos de cualquier artificio. La relaci\u00f3n con los personajes es corta pero intensa, cercana e \u00edntima, una experiencia compartida con un peque\u00f1o n\u00famero de asistentes, que llena la estancia.<\/p>\n<p style=\"text-align: justify;\">Contacto:<\/p>\n<p><a href=\"https:\/\/www.facebook.com\/teatro.apelo\" target=\"_blank\"><img decoding=\"async\" loading=\"lazy\" class=\"alignnone\" src=\"http:\/\/sevillasemueve.org\/nocheenblanco\/wp-content\/plugins\/ultimate-follow-me\/style1\/facebook.png\" alt=\"Facebook\" width=\"32\" height=\"32\" \/><\/a><a href=\"https:\/\/twitter.com\/Teatroapelo\" target=\"_blank\"><img decoding=\"async\" loading=\"lazy\" class=\"alignnone\" src=\"http:\/\/sevillasemueve.org\/nocheenblanco\/wp-content\/plugins\/ultimate-follow-me\/style1\/twitter.png\" alt=\"Twitter\" width=\"32\" height=\"32\" \/><\/a><a href=\"mailto:teatroapelo@gmail.com\" target=\"_blank\"><img decoding=\"async\" loading=\"lazy\" class=\"alignnone\" src=\"http:\/\/sevillasemueve.org\/nocheenblanco\/wp-content\/plugins\/ultimate-follow-me\/style1\/email.png\" alt=\"e-mail\" width=\"32\" height=\"32\" \/><\/a><!--:--><\/p>\n","protected":false},"excerpt":{"rendered":"<p>Address: Cr\u00e9dito Street 20 Schedule: shows from 21:30 on Prior reservation: teatroapelo@gmail.com, Price: 10\u20ac for two chapter In Teatro a Pelo a building fills in with small stories. Short stories, only fifteen minutes duration, happen in different rooms at the[&hellip;] <a class=\"more-link\" href=\"https:\/\/nocheenblanco.org\/2012\/teatro-a-pelo\/\">&darr; Read the rest of this entry&#8230;<\/a><\/p>\n","protected":false},"author":1,"featured_media":0,"parent":0,"menu_order":0,"comment_status":"closed","ping_status":"closed","template":"","meta":{"_mi_skip_tracking":false},"_links":{"self":[{"href":"https:\/\/nocheenblanco.org\/2012\/wp-json\/wp\/v2\/pages\/165"}],"collection":[{"href":"https:\/\/nocheenblanco.org\/2012\/wp-json\/wp\/v2\/pages"}],"about":[{"href":"https:\/\/nocheenblanco.org\/2012\/wp-json\/wp\/v2\/types\/page"}],"author":[{"embeddable":true,"href":"https:\/\/nocheenblanco.org\/2012\/wp-json\/wp\/v2\/users\/1"}],"replies":[{"embeddable":true,"href":"https:\/\/nocheenblanco.org\/2012\/wp-json\/wp\/v2\/comments?post=165"}],"version-history":[{"count":10,"href":"https:\/\/nocheenblanco.org\/2012\/wp-json\/wp\/v2\/pages\/165\/revisions"}],"predecessor-version":[{"id":258,"href":"https:\/\/nocheenblanco.org\/2012\/wp-json\/wp\/v2\/pages\/165\/revisions\/258"}],"wp:attachment":[{"href":"https:\/\/nocheenblanco.org\/2012\/wp-json\/wp\/v2\/media?parent=165"}],"curies":[{"name":"wp","href":"https:\/\/api.w.org\/{rel}","templated":true}]}}