{"id":352,"date":"2012-10-09T16:51:49","date_gmt":"2012-10-09T16:51:49","guid":{"rendered":"http:\/\/www.sevillasemueve.org\/nocheenblanco\/?page_id=352"},"modified":"2012-10-29T22:05:46","modified_gmt":"2012-10-29T22:05:46","slug":"espacios","status":"publish","type":"page","link":"https:\/\/nocheenblanco.org\/2012\/espacios\/","title":{"rendered":"<!--:en-->Places<!--:--><!--:es-->Espacios<!--:-->"},"content":{"rendered":"<p><!--:en--><\/p>\n<p style=\"text-align: justify;\">The Noche en Blanco offers the opportunity of meeting most of the cultural framework of the city through its main places and cultural centre. Theatres, museums and galleries and other cultural places open their doors with several activities intended to entertain the soir\u00e9e to those who want to stay up late.<\/p>\n<p><!--:--><!--:es--><\/p>\n<p style=\"text-align: justify;\">La Noche en Blanco ofrece la oportunidad de conocer gran parte del entramado cultural de la ciudad a trav\u00e9s de sus principales espacios y centros culturales. Teatros, museos, galer\u00edas y dem\u00e1s espacios culturales abren sus puertas con distintas actividades destinadas a amenizar la velada a aquellos que quieran trasnochar.<\/p>\n<p><!--:--><\/p>\n","protected":false},"excerpt":{"rendered":"<p>The Noche en Blanco offers the opportunity of meeting most of the cultural framework of the city through its main places and cultural centre. Theatres, museums and galleries and other cultural places open their doors with several activities intended to[&hellip;] <a class=\"more-link\" href=\"https:\/\/nocheenblanco.org\/2012\/espacios\/\">&darr; Read the rest of this entry&#8230;<\/a><\/p>\n","protected":false},"author":1,"featured_media":0,"parent":0,"menu_order":0,"comment_status":"closed","ping_status":"closed","template":"","meta":{"_mi_skip_tracking":false},"_links":{"self":[{"href":"https:\/\/nocheenblanco.org\/2012\/wp-json\/wp\/v2\/pages\/352"}],"collection":[{"href":"https:\/\/nocheenblanco.org\/2012\/wp-json\/wp\/v2\/pages"}],"about":[{"href":"https:\/\/nocheenblanco.org\/2012\/wp-json\/wp\/v2\/types\/page"}],"author":[{"embeddable":true,"href":"https:\/\/nocheenblanco.org\/2012\/wp-json\/wp\/v2\/users\/1"}],"replies":[{"embeddable":true,"href":"https:\/\/nocheenblanco.org\/2012\/wp-json\/wp\/v2\/comments?post=352"}],"version-history":[{"count":6,"href":"https:\/\/nocheenblanco.org\/2012\/wp-json\/wp\/v2\/pages\/352\/revisions"}],"predecessor-version":[{"id":923,"href":"https:\/\/nocheenblanco.org\/2012\/wp-json\/wp\/v2\/pages\/352\/revisions\/923"}],"wp:attachment":[{"href":"https:\/\/nocheenblanco.org\/2012\/wp-json\/wp\/v2\/media?parent=352"}],"curies":[{"name":"wp","href":"https:\/\/api.w.org\/{rel}","templated":true}]}}