{"id":1592,"date":"2017-10-03T07:01:18","date_gmt":"2017-10-03T07:01:18","guid":{"rendered":"http:\/\/sevillasemueve.org\/nocheenblanco2017\/?page_id=1592"},"modified":"2017-10-03T07:01:18","modified_gmt":"2017-10-03T07:01:18","slug":"concurso-fotografico-instagram","status":"publish","type":"page","link":"https:\/\/nocheenblanco.org\/2017\/concurso-fotografico-instagram\/","title":{"rendered":"Concurso fotogr\u00e1fico en Instagram"},"content":{"rendered":"<p>La Noche en Blanco lanza un consurso fotogr\u00e1fico para esta sexta edici\u00f3n <strong>#nocheenblancoSEV<\/strong> con el objetivo de incentivar la participaci\u00f3n de los usuarios de <strong>Instagram<\/strong> en el ambiente cultural de la ciudad con fotograf\u00edas de las actividades que se desarrollen en esta\u00a0Noche en Blanco de Sevilla 2017.<\/p>\n<p>Para participar, los usuarios de Instagram deben seguir a <a href=\"http:\/\/www.instagram.com\/nocheenblancoSEV\">@nocheenblancosev<\/a> y subir sus <strong>fotograf\u00edas de actividades de la Noche en Blanco<\/strong> a esta plataforma etiquetadas con los hashtag <strong>#lafotoNEB2017<\/strong> y<strong> #nocheenblancoSEV<\/strong> y mencionando a <strong>@nocheenblancosev<\/strong> en su publicaci\u00f3n.<\/p>\n<p>Las fotograf\u00edas pueden ser publicadas durante la<strong> noche del viernes 6 de octubre<\/strong> en el horario en el que se realicen las actividades de la Noche en Blanco y durante el<strong> s\u00e1bado d\u00eda 7 de octubre<\/strong> (siempre que las fotos sigan siendo de la celebraci\u00f3n de la Noche en Blanco). Adem\u00e1s, deben cucumpliendo con los requisitos indicados en estas bases.<\/p>\n<p><a href=\"https:\/\/nocheenblanco.org\/2017\/Bases-Concurso-Instagram-Noche-en-Blanco-Sevilla 2017.pdf\" target=\"_blank\" rel=\"noopener\">Ver bases del concurso<\/a><\/p>\n<p>&nbsp;<\/p>\n","protected":false},"excerpt":{"rendered":"<p>La Noche en Blanco lanza un consurso fotogr\u00e1fico para esta sexta edici\u00f3n #nocheenblancoSEV con el objetivo de incentivar la participaci\u00f3n de los usuarios de Instagram en el ambiente cultural de la ciudad con fotograf\u00edas de las actividades que se desarrollen en esta\u00a0Noche en Blanco de Sevilla 2017. Para participar, los usuarios de Instagram deben seguir <a href=\"https:\/\/nocheenblanco.org\/2017\/concurso-fotografico-instagram\/\" rel=\"nofollow\"><span class=\"sr-only\">Leer m\u00e1sConcurso fotogr\u00e1fico en Instagram<\/span>[&hellip;]<\/a><\/p>\n","protected":false},"author":1,"featured_media":1010,"parent":0,"menu_order":0,"comment_status":"closed","ping_status":"closed","template":"","meta":{"_mi_skip_tracking":false,"_exactmetrics_sitenote_active":false,"_exactmetrics_sitenote_note":"","_exactmetrics_sitenote_category":0},"_links":{"self":[{"href":"https:\/\/nocheenblanco.org\/2017\/wp-json\/wp\/v2\/pages\/1592"}],"collection":[{"href":"https:\/\/nocheenblanco.org\/2017\/wp-json\/wp\/v2\/pages"}],"about":[{"href":"https:\/\/nocheenblanco.org\/2017\/wp-json\/wp\/v2\/types\/page"}],"author":[{"embeddable":true,"href":"https:\/\/nocheenblanco.org\/2017\/wp-json\/wp\/v2\/users\/1"}],"replies":[{"embeddable":true,"href":"https:\/\/nocheenblanco.org\/2017\/wp-json\/wp\/v2\/comments?post=1592"}],"version-history":[{"count":1,"href":"https:\/\/nocheenblanco.org\/2017\/wp-json\/wp\/v2\/pages\/1592\/revisions"}],"predecessor-version":[{"id":1593,"href":"https:\/\/nocheenblanco.org\/2017\/wp-json\/wp\/v2\/pages\/1592\/revisions\/1593"}],"wp:featuredmedia":[{"embeddable":true,"href":"https:\/\/nocheenblanco.org\/2017\/wp-json\/wp\/v2\/media\/1010"}],"wp:attachment":[{"href":"https:\/\/nocheenblanco.org\/2017\/wp-json\/wp\/v2\/media?parent=1592"}],"curies":[{"name":"wp","href":"https:\/\/api.w.org\/{rel}","templated":true}]}}

Concurso fotográfico en Instagram

<p>La Noche en Blanco lanza un consurso fotográfico para esta sexta edición <strong>#nocheenblancoSEV</strong> con el objetivo de incentivar la participación de los usuarios de <strong>Instagram</strong> en el ambiente cultural de la ciudad con fotografías de las actividades que se desarrollen en esta Noche en Blanco de Sevilla 2017.</p>
<p>Para participar, los usuarios de Instagram deben seguir a <a href="http://www.instagram.com/nocheenblancoSEV">@nocheenblancosev</a> y subir sus <strong>fotografías de actividades de la Noche en Blanco</strong> a esta plataforma etiquetadas con los hashtag <strong>#lafotoNEB2017</strong> y<strong> #nocheenblancoSEV</strong> y mencionando a <strong>@nocheenblancosev</strong> en su publicación.</p>
<p>Las fotografías pueden ser publicadas durante la<strong> noche del viernes 6 de octubre</strong> en el horario en el que se realicen las actividades de la Noche en Blanco y durante el<strong> sábado día 7 de octubre</strong> (siempre que las fotos sigan siendo de la celebración de la Noche en Blanco). Además, deben cucumpliendo con los requisitos indicados en estas bases.</p>
<p><a href="https://nocheenblanco.org/2017/Bases-Concurso-Instagram-Noche-en-Blanco-Sevilla 2017.pdf" target="_blank" rel="noopener">Ver bases del concurso</a></p>
<p>&nbsp;</p>

<p>La Noche en Blanco lanza un consurso fotográfico para esta sexta edición #nocheenblancoSEV con el objetivo de incentivar la participación de los usuarios de Instagram en el ambiente cultural de la ciudad con fotografías de las actividades que se desarrollen en esta Noche en Blanco de Sevilla 2017. Para participar, los usuarios de Instagram deben seguir <a href="https://nocheenblanco.org/2017/concurso-fotografico-instagram/" rel="nofollow"><span class="sr-only">Leer másConcurso fotográfico en Instagram</span>[&hellip;]</a></p>
