{"id":206,"date":"2017-07-04T16:07:14","date_gmt":"2017-07-04T16:07:14","guid":{"rendered":"http:\/\/sevillasemueve.org\/nocheenblanco2017\/?page_id=206"},"modified":"2017-07-04T16:07:14","modified_gmt":"2017-07-04T16:07:14","slug":"sobre-asociacion-sevillasemueve","status":"publish","type":"page","link":"https:\/\/nocheenblanco.org\/2017\/sobre-asociacion-sevillasemueve\/","title":{"rendered":"Sobre la Asociaci\u00f3n sevillasemueve"},"content":{"rendered":"<p>sevillasemueve es una asociaci\u00f3n sin afiliaci\u00f3n pol\u00edtica y sin \u00e1nimo de lucro interesada por la\u00a0historia, el desarrollo y la evoluci\u00f3n de la Ciudad de Sevilla y su \u00e1rea de influencia en todos\u00a0sus \u00e1mbitos: arquitectura, urbanismo, infraestructuras, transportes, cultura\u2026<\/p>\n<p>Las personas que hacen posible sevillasemueve son parte de un equipo multidisciplinar, que\u00a0une a ingenieros, aparejadores, periodistas, historiadores, ge\u00f3grafos, t\u00e9cnicos o bot\u00e1nicos, entre otros,\u00a0con una premisa com\u00fan: el amor y el compromiso por la ciudad que nos une, Sevilla, algo que\u00a0se demuestra en el esfuerzo que, mes a mes, ponen desinteresadamente, sin recibir beneficio\u00a0econ\u00f3mico a cambio, lo cual no es excepci\u00f3n en la Organizaci\u00f3n de la Noche en Blanco.\u00a0En cualquier caso, desde sevillasemueve queremos promover el conocimiento de dichos\u00a0aspectos, otorgando a nuestra ciudad la importancia que se merece.<\/p>\n<p>Por su parte, el equipo organizador de la Noche en Blanco est\u00e1 formado por miembros de\u00a0sevillasemueve y un grupo de voluntarios que, con su esfuerzo y dedicaci\u00f3n desinteresado,\u00a0sacan adelante el evento.<\/p>\n","protected":false},"excerpt":{"rendered":"<p>sevillasemueve es una asociaci\u00f3n sin afiliaci\u00f3n pol\u00edtica y sin \u00e1nimo de lucro interesada por la\u00a0historia, el desarrollo y la evoluci\u00f3n de la Ciudad de Sevilla y su \u00e1rea de influencia en todos\u00a0sus \u00e1mbitos: arquitectura, urbanismo, infraestructuras, transportes, cultura\u2026 Las personas que hacen posible sevillasemueve son parte de un equipo multidisciplinar, que\u00a0une a ingenieros, aparejadores, periodistas, <a href=\"https:\/\/nocheenblanco.org\/2017\/sobre-asociacion-sevillasemueve\/\" rel=\"nofollow\"><span class=\"sr-only\">Leer m\u00e1sSobre la Asociaci\u00f3n sevillasemueve<\/span>[&hellip;]<\/a><\/p>\n","protected":false},"author":1,"featured_media":0,"parent":0,"menu_order":0,"comment_status":"closed","ping_status":"closed","template":"","meta":{"_mi_skip_tracking":false,"_exactmetrics_sitenote_active":false,"_exactmetrics_sitenote_note":"","_exactmetrics_sitenote_category":0},"_links":{"self":[{"href":"https:\/\/nocheenblanco.org\/2017\/wp-json\/wp\/v2\/pages\/206"}],"collection":[{"href":"https:\/\/nocheenblanco.org\/2017\/wp-json\/wp\/v2\/pages"}],"about":[{"href":"https:\/\/nocheenblanco.org\/2017\/wp-json\/wp\/v2\/types\/page"}],"author":[{"embeddable":true,"href":"https:\/\/nocheenblanco.org\/2017\/wp-json\/wp\/v2\/users\/1"}],"replies":[{"embeddable":true,"href":"https:\/\/nocheenblanco.org\/2017\/wp-json\/wp\/v2\/comments?post=206"}],"version-history":[{"count":1,"href":"https:\/\/nocheenblanco.org\/2017\/wp-json\/wp\/v2\/pages\/206\/revisions"}],"predecessor-version":[{"id":207,"href":"https:\/\/nocheenblanco.org\/2017\/wp-json\/wp\/v2\/pages\/206\/revisions\/207"}],"wp:attachment":[{"href":"https:\/\/nocheenblanco.org\/2017\/wp-json\/wp\/v2\/media?parent=206"}],"curies":[{"name":"wp","href":"https:\/\/api.w.org\/{rel}","templated":true}]}}